t is the remainder when 2659 is divided by 51?
7
Calculate the remainder when 272 is divided by 74.
50
What is the remainder when 183 is divided by 23?
22
Calculate the remainder when 872 is divided by 151.
117
Calculate the remainder when 2079 is divided by 32.
31
Calculate the remainder when 2735 is divided by 37.
34
Calculate the remainder when 2061 is divided by 10.
1
What is the remainder when 119 is divided by 45?
29
Calculate the remainder when 249 is divided by 31.
1
Calculate the remainder when 54 is divided by 15.
9
Calculate the remainder when 601 is divided by 61.
52
Calculate the remainder when 2793 is divided by 53.
37
Calculate the remainder when 260 is divided by 180.
80
Calculate the remainder when 60 is divided by 32.
28
What is the remainder when 365 is divided by 44?
13
Calculate the remainder when 138 is divided by 112.
26
Calculate the remainder when 3342 is divided by 15.
12
Calculate the remainder when 84 is divided by 22.
18
Calculate the remainder when 90 is divided by 22.
2
What is the remainder when 335 is divided by 54?
11
Calculate the remainder when 187 is divided by 92.
3
What is the remainder when 1426 is divided by 42?
40
Calculate the remainder when 811 is divided by 17.
12
Calculate the remainder when 213 is divided by 13.
5
What is the remainder when 51 is divided by 22?
7
What is the remainder when 96 is divided by 33?
30
Calculate the remainder when 381 is divided by 15.
6
What is the remainder when 846 is divided by 54?
36
What is the remainder when 608 is divided by 50?
8
What is the remainder when 75 is divided by 21?
12
Calculate the remainder when 545 is divided by 111.
101
What is the remainder when 61 is divided by 16?
13
What is the remainder when 145 is divided by 98?
47
What is the remainder when 637 is divided by 29?
28
Calculate the remainder when 159 is divided by 10.
9
Calculate the remainder when 201 is divided by 6.
3
What is the remainder when 750 is divided by 52?
22
Calculate the remainder when 447 is divided by 75.
72
Calculate the remainder when 863 is divided by 61.
9
What is the remainder when 1758 is divided by 41?
36
What is the remainder when 988 is divided by 199?
192
What is the remainder when 627 is divided by 617?
10
Calculate the remainder when 1064 is divided by 26.
24
Calculate the remainder when 372 is divided by 34.
32
Calculate the remainder when 254 is divided by 43.
39
What is the remainder when 1670 is divided by 22?
20
What is the remainder when 82 is divided by 42?
40
What is the remainder when 1238 is divided by 151?
30
Calculate the remainder when 427 is divided by 410.
17
Calculate the remainder when 77 is divided by 24.
5
What is the remainder when 450 is divided by 114?
108
Calculate the remainder when 11089 is divided by 358.
349
What is the remainder when 183 is divided by 11?
7
Calculate the remainder when 645 is divided by 36.
33
Calculate the remainder when 1154 is divided by 105.
104
What is the remainder when 424 is divided by 115?
79
What is the remainder when 26 is divided by 11?
4
What is the remainder when 106 is divided by 2?
0
What is the remainder when 279 is divided by 21?
6
Calculate the remainder when 197 is divided by 91.
15
What is the remainder when 309 is divided by 112?
85
What is the remainder when 211 is divided by 35?
1
What is the remainder when 2134 is divided by 153?
145
Calculate the remainder when 643 is divided by 107.
1
What is the remainder when 515 is divided by 101?
10
What is the remainder when 635 is divided by 26?
11
What is the remainder when 6 is divided by 4?
2
Calculate the remainder when 5568 is divided by 82.
74
Calculate the remainder when 240 is divided by 41.
35
What is the remainder when 315 is divided by 52?
3
What is the remainder when 1562 is divided by 206?
120
What is the remainder when 30 is divided by 16?
14
Calculate the remainder when 101 is divided by 51.
50
Calculate the remainder when 33 is divided by 22.
11
Calculate the remainder when 166 is divided by 22.
12
What is the remainder when 5127 is divided by 223?
221
What is the remainder when 3997 is divided by 25?
22
Calculate the remainder when 218 is divided by 38.
28
Calculate the remainder when 303 is divided by 6.
3
What is the remainder when 84 is divided by 45?
39
What is the remainder when 2593 is divided by 38?
9
Calculate the remainder when 675 is divided by 26.
25
What is the remainder when 151 is divided by 80?
71
Calculate the remainder when 58 is divided by 30.
28
Calculate the remainder when 1778 is divided by 76.
30
What is the remainder when 466 is divided by 154?
4
Calculate the remainder when 773 is divided by 386.
1
What is the remainder when 133 is divided by 41?
10
Calculate the remainder when 4227 is divided by 845.
2
What is the remainder when 599 is divided by 12?
11
What is the remainder when 317 is divided by 32?
29
What is the remainder when 265 is divided by 74?
43
What is the remainder when 112 is divided by 19?
17
What is the remainder when 215 is divided by 27?
26
What is the remainder when 406 is divided by 124?
34
Calculate the remainder when 500 is divided by 72.
68
Calculate the remainder when 269 is divided by 45.
44
Calculate the remainder when 2618 is divided by 131.
129
Calculate the remainder when 51 is divided by 9.
6
What is the remainder when 419 is divided by 42?
41
What is the remainder when 561 is divided by 187?
0
Calculate the remainder when 1655 is divided by 21.
17
Calculate the remainder when 133 is divided by 82.
51
What is the remainder when 225 is divided by 35?
15
Calculate the remainder when 246 is divided by 31.
29
Calculate the remainder when 7948 is divided by 5.
3
Calculate the remainder when 79 is divided by 28.
23
Calculate the remainder when 5 is divided by 3.
2
What is the remainder when 20 is divided by 6?
2
Calculate the remainder when 814 is divided by 8.
6
What is the remainder when 1163 is divided by 13?
6
What is the remainder when 695 is divided by 183?
146
Calculate the remainder when 668 is divided by 137.
120
What is the remainder when 275 is divided by 108?
59
What is the remainder when 139 is divided by 36?
31
What is the remainder when 7022 is divided by 195?
2
Calculate the remainder when 131 is divided by 27.
23
What is the remainder when 81 is divided by 28?
25
Calculate the remainder when 25 is divided by 15.
10
Calculate the remainder when 221 is divided by 28.
25
Calculate the remainder when 159 is divided by 20.
19
What is the remainder when 127 is divided by 13?
10
Calculate the remainder when 4496 is divided by 15.
11
Calculate the remainder when 52 is divided by 4.
0
What is the remainder when 1148 is divided by 50?
48
What is the remainder when 185 is divided by 47?
44
Calculate the remainder when 54 is divided by 36.
18
Calculate the remainder when 189 is divided by 46.
5
Calculate the remainder when 6209 is divided by 21.
14
What is the remainder when 611 is divided by 151?
7
What is the remainder when 3308 is divided by 16?
12
Calculate the remainder when 1209 is divided by 3.
0
Calculate the remainder when 607 is divided by 17.
12
What is the remainder when 154 is divided by 13?
11
Calculate the remainder when 8 is divided by 3.
2
What is the remainder when 663 is divided by 23?
19
Calculate the remainder when 481 is divided by 161.
159
Calculate the remainder when 3283 is divided by 1639.
5
What is the remainder when 793 is divided by 5?
3
What is the remainder when 515 is divided by 40?
35
What is the remainder when 16128 is divided by 19?
16
What is the remainder when 540 is divided by 110?
100
Calculate the remainder when 3096 is divided by 43.
0
What is the remainder when 809 is divided by 130?
29
Calculate the remainder when 399 is divided by 59.
45
What is the remainder when 2822 is divided by 60?
2
Calculate the remainder when 804 is divided by 26.
24
Calculate the remainder when 1536 is divided by 35.
31
Calculate the remainder when 2111 is divided by 44.
43
Calculate the remainder when 121 is divided by 31.
28
Calculate the remainder when 174 is divided by 31.
19
Calculate the remainder when 58 is divided by 10.
8
What is the remainder when 913 is divided by 51?
46
Calculate the remainder when 898 is divided by 11.
7
Calculate the remainder when